ided by 245?
32
Calculate the remainder when 10822189 is divided by 680.
669
Calculate the remainder when 27233961 is divided by 9716.
13
What is the remainder when 335110 is divided by 3893?
312
What is the remainder when 4034825 is divided by 155?
20
Calculate the remainder when 140331979 is divided by 13.
8
Calculate the remainder when 4600529 is divided by 9182.
347
What is the remainder when 28215607 is divided by 29?
28
What is the remainder when 104826 is divided by 232?
194
Calculate the remainder when 4349578 is divided by 1449819.
121
Calculate the remainder when 63010 is divided by 1970.
1940
What is the remainder when 7793031 is divided by 1037?
1013
What is the remainder when 489782 is divided by 28810?
12
Calculate the remainder when 2971462 is divided by 55022.
274
What is the remainder when 275310415 is divided by 221667?
1
Calculate the remainder when 143882803 is divided by 1798535.
3
Calculate the remainder when 1770694 is divided by 3249.
3238
Calculate the remainder when 1103718 is divided by 17244.
102
What is the remainder when 322344 is divided by 29285?
209
Calculate the remainder when 30739 is divided by 439.
9
Calculate the remainder when 4141675 is divided by 1380540.
55
Calculate the remainder when 1367714 is divided by 1776.
194
What is the remainder when 529362 is divided by 75618?
36
What is the remainder when 482021 is divided by 241007?
7
What is the remainder when 814688 is divided by 271514?
146
What is the remainder when 356073 is divided by 71209?
28
Calculate the remainder when 5933 is divided by 4425.
1508
What is the remainder when 1482628 is divided by 95?
58
What is the remainder when 7041099 is divided by 4325?
4324
What is the remainder when 1304059 is divided by 602?
127
What is the remainder when 134218 is divided by 13413?
88
Calculate the remainder when 2045517 is divided by 409056.
237
Calculate the remainder when 426640 is divided by 3913.
123
Calculate the remainder when 10180797 is divided by 58.
57
Calculate the remainder when 51403522 is divided by 19102.
40
What is the remainder when 5635485 is divided by 131?
127
What is the remainder when 268970 is divided by 12054?
3782
Calculate the remainder when 1224146 is divided by 5466.
5228
Calculate the remainder when 51982112 is divided by 12995526.
8
Calculate the remainder when 47187 is divided by 35.
7
Calculate the remainder when 3802432 is divided by 1318.
2
What is the remainder when 134835800 is divided by 11944?
11928
Calculate the remainder when 26428652 is divided by 1776.
1772
What is the remainder when 303706 is divided by 37665?
2386
Calculate the remainder when 43891 is divided by 21710.
471
What is the remainder when 718431 is divided by 1107?
1095
Calculate the remainder when 2244508 is divided by 93521.
4
What is the remainder when 1951036 is divided by 43?
40
Calculate the remainder when 1323603 is divided by 505.
503
Calculate the remainder when 24240655 is divided by 224.
47
Calculate the remainder when 3962854 is divided by 27.
10
What is the remainder when 535030 is divided by 140?
90
What is the remainder when 233941 is divided by 310?
201
Calculate the remainder when 5637858 is divided by 234910.
18
What is the remainder when 736472 is divided by 342?
146
What is the remainder when 1668117 is divided by 257?
187
What is the remainder when 780357 is divided by 16?
5
Calculate the remainder when 229405004 is divided by 57351249.
8
What is the remainder when 2739246 is divided by 22635?
411
What is the remainder when 1543713 is divided by 35?
3
Calculate the remainder when 2452468 is divided by 18865.
18
Calculate the remainder when 21626515 is divided by 227.
225
What is the remainder when 9324996 is divided by 123?
120
Calculate the remainder when 762195 is divided by 185.
180
What is the remainder when 9528790 is divided by 107?
12
Calculate the remainder when 1729897 is divided by 523.
336
What is the remainder when 40063 is divided by 668?
651
Calculate the remainder when 3195101 is divided by 583.
261
Calculate the remainder when 2832576861 is divided by 48.
45
Calculate the remainder when 72953 is divided by 71401.
1552
What is the remainder when 66291330 is divided by 16572811?
86
Calculate the remainder when 41211714 is divided by 82.
72
What is the remainder when 255159 is divided by 216?
63
What is the remainder when 4105271 is divided by 61?
32
What is the remainder when 3490369 is divided by 3153?
3151
Calculate the remainder when 3033001 is divided by 645.
211
Calculate the remainder when 140785 is divided by 1106.
323
Calculate the remainder when 574707 is divided by 574150.
557
What is the remainder when 622506 is divided by 328?
290
Calculate the remainder when 2052321 is divided by 683936.
513
What is the remainder when 538181 is divided by 178272?
3365
What is the remainder when 2502179 is divided by 104246?
275
Calculate the remainder when 10222278 is divided by 9571.
450
What is the remainder when 10966623 is divided by 913883?
27
What is the remainder when 50675499 is divided by 73?
67
What is the remainder when 903285 is divided by 150478?
417
Calculate the remainder when 269317 is divided by 625.
567
Calculate the remainder when 698855 is divided by 232945.
20
Calculate the remainder when 1379647 is divided by 172449.
55
What is the remainder when 26765402 is divided by 113?
109
Calculate the remainder when 511722 is divided by 63962.
26
What is the remainder when 16371603 is divided by 146173?
227
Calculate the remainder when 332218 is divided by 1068.
70
Calculate the remainder when 20232683 is divided by 48288.
11
What is the remainder when 126791 is divided by 7052?
6907
Calculate the remainder when 996528 is divided by 249131.
4
What is the remainder when 266485 is divided by 69?
7
Calculate the remainder when 55984897 is divided by 150497.
13
What is the remainder when 53167203 is divided by 26?
11
Calculate the remainder when 19274 is divided by 1856.
714
What is the remainder when 51127 is divided by 8428?
559
Calculate the remainder when 41946282 is divided by 10486563.
30
Calculate the remainder when 145266 is divided by 142.
0
Calculate the remainder when 2252696 is divided by 225269.
6
What is the remainder when 44358182 is divided by 20?
2
Calculate the remainder when 95814184 is divided by 23953542.
16
Calculate the remainder when 4111426 is divided by 685223.
88
What is the remainder when 180153 is divided by 60020?
93
What is the remainder when 136099 is divided by 135?
19
What is the remainder when 1329381 is divided by 139?
124
Calculate the remainder when 4637740 is divided by 526.
524
What is the remainder when 203820 is divided by 4420?
500
What is the remainder when 11722947 is divided by 2104?
1563
What is the remainder when 305096 is divided by 23454?
194
What is the remainder when 18239426 is divided by 506650?
26
What is the remainder when 3427484 is divided by 19?
17
Calculate the remainder when 98690 is divided by 19735.
15
What is the remainder when 5732 is divided by 132?
56
What is the remainder when 3910747 is divided by 2664?
2659
Calculate the remainder when 2130032 is divided by 97.
9
What is the remainder when 7744734 is divided by 86?
4
Calculate the remainder when 269646 is divided by 7300.
6846
Calculate the remainder when 114180254 is divided by 32.
30
Calculate the remainder when 64911 is divided by 3164.
1631
Calculate the remainder when 366218 is divided by 9896.
66
Calculate the remainder when 721473 is divided by 72.
33
Calculate the remainder when 979267803 is divided by 22.
19
Calculate the remainder when 2424915 is divided by 141.
138
Calculate the remainder when 362129 is divided by 180691.
747
Calculate the remainder when 696203 is divided by 693641.
2562
What is the remainder when 1689821 is divided by 168980?
21
What is the remainder when 153704 is divided by 18962?
2008
What is the remainder when 91845070 is divided by 1012?
1010
Calculate the remainder when 12092110 is divided by 368.
366
Calculate the remainder when 431790 is divided by 39244.
106
What is the remainder when 2247669 is divided by 404?
217
Calculate the remainder when 1053040 is divided by 1313.
14
Calculate the remainder when 183209951 is divided by 9.
2
Calculate the remain